7192 - -20865. What is the tens digit of t?
5
Let z = 47 - 43. Suppose -2*r = -6*r + z, 4*v - 5660 = -4*r. Suppose -5*p - 9*p = -v. What is the units digit of p?
1
Let c(x) = 2*x**2 + 6 - 43*x**3 + 45*x**3 - 5*x - 3*x**2. What is the units digit of c(3)?
6
Suppose -3*h + 456 = -309. Suppose 368 = -2*u + 4*r, -4*u + h = r + 982. Let g = -90 - u. What is the units digit of g?
2
Let v = 137 - 151. What is the hundreds digit of ((-107)/(-1))/((-7)/v)?
2
Let v = 327 - 47. Suppose 674 = b - v. What is the tens digit of b?
5
Let z = 1908 + -1171. Suppose -597 = -2*q + z. What is the hundreds digit of q?
6
Let w = -21 + 23. Suppose -h = -4*r - 88, w*h + h = 0. Let s = 40 - r. What is the tens digit of s?
6
Suppose 0*i + 3*u + 6049 = -2*i, -5*u - 9072 = 3*i. Let h = i - -4280. What is the hundreds digit of h?
2
Suppose -5*q - 64 - 51 = 0. Let o = q + 16. Let c = 40 + o. What is the tens digit of c?
3
Let r = -17364 - -29170. What is the tens digit of r?
0
Let h be 6 - (10/(-2) - 0). Suppose h*d - 17*d = -1068. What is the hundreds digit of d?
1
Let l = 144 + 115. Suppose -l*s - 643 = -260*s. What is the units digit of s?
3
Suppose -10*r = -5*r + 3*d - 160550, 0 = -r + 3*d + 32128. What is the units digit of r?
3
Let w = -13 + 15. Let i be (-1)/(-11) - 13/143. Suppose -4*o + 440 = 4*r, -3*o + w*r - 166 + 481 = i. What is the units digit of o?
7
Suppose 3*n - 22 = -4*z + 13, -10 = -2*z. Suppose 2*h = -n + 1, p - 324 = 5*h. What is the units digit of p?
4
Let u(o) = 797*o**2 - 26*o + 48. Let h be u(2). Suppose -5*m + 246 = 5*z - h, 4*m - 4*z = 2744. What is the hundreds digit of m?
6
Suppose 4*c - 473 = -5*q + 198, -2*q = 2*c - 334. Let f = -43 + c. What is the hundreds digit of f?
1
Suppose -21*k + 5 - 26 = 0. What is the hundreds digit of (478 + -22)*3*k/(-9)?
1
Suppose 570 = 2*j + 5*q, 0 = -2*j + 2*q + 789 - 191. Suppose -j = 4*d + 189. Let v = d - -247. What is the hundreds digit of v?
1
Suppose 282*y = 284*y - 18992. What is the tens digit of y?
9
What is the units digit of (-4 - 40/(-9)) + 449036/63?
8
Suppose 0 = 2*h + h. Suppose 5*v - 17 = 2*j, 4*v - j - 2 = 14. Suppose -v*p - 86 = -2*b, b - 4*p = -h*b + 49. What is the units digit of b?
3
Suppose -4*i + 5*r + 44 = 0, 4*i + 0*r - 2*r = 56. Suppose -y - i = -p, 7 = -4*p - 5*y + 53. Suppose p*k - 13*k = 8. What is the units digit of k?
8
Let d be 1 + (-1)/5 + 7488/(-160). Let m = -41 - d. Suppose -732 = m*b - 11*b. What is the tens digit of b?
2
Let t(v) = -v + 26. Let i be t(17). Let n(s) = -s**2 - 10*s - 10. Let c be n(-8). What is the hundreds digit of i/c + 0 + 1180/8?
1
What is the tens digit of 8 + 5208 + (-16)/(-3)*(-24)/16?
0
Let u be 63/(-33)*-2 - (-8)/44. What is the tens digit of (-68)/(-6)*1/u*30?
8
Let x(f) = 8*f**2 - 25*f - 341. What is the tens digit of x(-33)?
9
Let q(s) = 329*s**2 - 530*s + 46. What is the ten thousands digit of q(17)?
8
Let p(q) = 4*q**3 + 3*q**2 - 23*q - 32. Let v(t) = 6*t**3 + 4*t**2 - 34*t - 49. Let u(d) = -8*p(d) + 5*v(d). What is the units digit of u(-8)?
7
Let p(w) = -97*w - 77 + 48*w + 48*w + 238. What is the tens digit of p(28)?
3
Let k(u) = 132*u - 265. Let l be k(-13). Let i = l - -2917. What is the tens digit of i?
3
Let i = -3254 + 1495. Let v = i - -2466. What is the hundreds digit of v?
7
Let u(p) = -2*p**3 - 12*p**2 - 14*p - 20. Suppose -13*t = -30 + 134. What is the units digit of u(t)?
8
Let k = -120 + 264. Let q = 430 + k. What is the tens digit of q?
7
Let y(h) = 18*h**2 + h - 48. What is the hundreds digit of y(-56)?
3
Suppose 0 = -p - 390 + 4. Let o = -346 - p. What is the tens digit of o?
4
What is the units digit of 2032112/144 + 2/((-36)/70) + 4?
2
Let s(x) = -2*x**2 + 18*x**2 - 28 + 28*x + x**3 - 69*x. What is the tens digit of s(-18)?
6
Suppose -2*p + 117 = 1. Let u(m) = -m**2 + m + 10. Let h be u(3). Suppose -2*f + h = -p. What is the units digit of f?
1
Let y(a) = a**2 - 18*a - 35. Let n(o) = o + 2. Let j be n(-10). What is the tens digit of y(j)?
7
Suppose 10*j = -128 - 2002. Let y = -80 - j. What is the units digit of y?
3
What is the units digit of 2/(-15) + 15 + 3245806/345?
3
Let q(c) = 945*c**2 + 614*c - 107. What is the hundreds digit of q(-10)?
2
Let v = 47466 + -28149. What is the thousands digit of v?
9
Suppose -65 = -83*o + 70*o. Suppose 2*b = -3*x + 2927, -o*x + 9698 - 2388 = 5*b. What is the hundreds digit of b?
4
What is the units digit of ((-12)/(-8)*1516/(-6))/(34/(-816))?
6
Let g(k) = -k**3 + 10*k**2 - 42*k - 18. Let h(j) = j**3 - 11*j**2 + 40*j + 18. Let z(n) = 5*g(n) + 6*h(n). What is the units digit of z(15)?
3
Let i = 17 + -17. Let x = i + 4. Suppose 5*f - 58 = -3*n - 12, 21 = n - x*f. What is the tens digit of n?
1
Let v(i) = 46*i**2 + 34*i + 235. What is the hundreds digit of v(-6)?
6
Suppose -29*y = -23*y. Suppose y = -8*o + 3980 - 828. What is the tens digit of o?
9
Let l be ((-1632)/72)/((2/(-6))/(-1)). Let u be (l/85)/(1/(-5)). Suppose -u*v = -262 - 466. What is the hundreds digit of v?
1
Let n = -2850 - -5594. What is the hundreds digit of n?
7
Let o = -196087 - -277744. What is the thousands digit of o?
1
Suppose 4*z - 26 = 2*z. Suppose -3*v + 0*s + s + z = 0, -v = 2*s - 9. Suppose 0 = v*o - 3*t - 625, 2*t = o + 2*o - 374. What is the units digit of o?
8
What is the tens digit of (60243/18)/(211/3798)?
4
Suppose -255*k - 237*k = -472*k - 5400. What is the hundreds digit of k?
2
Let k(p) = 64*p + 83. Let h be k(2). Suppose -h = g - 1384. What is the thousands digit of g?
1
Let s(a) = -3*a**2 + a + 660. Suppose 5*y + 5*y = -6*y. What is the hundreds digit of s(y)?
6
Let l be (5 + -2)*2/3. Suppose f = -2*f + 4*w + 269, 2*f + l*w = 156. What is the units digit of f?
3
Suppose 0 = -3*n + 357 - 351. Suppose 0 = l + n*m - 7*m - 142, 2*l = -m + 229. What is the tens digit of l?
1
Suppose -3 - 36 = 13*u. What is the hundreds digit of (u + 1314/(-12))*-2?
2
Suppose -3*j + 35 = 4*j. Suppose -2 = -h + j. Suppose x - h*x = -408. What is the units digit of x?
8
Suppose -33*f = x - 29*f + 1514, 5*f = 25. Let c = x + 3056. What is the units digit of c?
2
Let t(r) = 8*r - 209. Let h be t(49). Let c = h - 12. What is the units digit of c?
1
What is the hundreds digit of (-549)/(-60)*-4*-15?
5
Let u(n) = 2*n + 1. Let s be u(3). Suppose 4*j + s = -5. What is the units digit of ((-5)/(40/246))/(j/8)?
2
Let z(q) = 97*q - 4. Suppose 0 = -17*s + 123 - 21. What is the hundreds digit of z(s)?
5
Let g = 253 + -249. What is the hundreds digit of (g + (-124)/6)/((-2)/72)?
6
Let a(q) = -62*q + 16. Let u(m) = -1. Suppose 4*n + 32 = 4*v, -5*v = -0*v - 2*n - 46. Let i(z) = v*u(z) + a(z). What is the hundreds digit of i(-2)?
1
Let g be 4*(-2)/(-8)*-3. Let x be 6/9*g + 2. What is the units digit of (x - -166) + 4 + 1?
1
Let k(z) = -z**3 + 9*z**2 + 116*z + 25. What is the tens digit of k(15)?
1
Suppose -g - 6*g = 42. Let r be -37 - g/9*6. What is the tens digit of 52/3*r/(-22)?
2
Suppose 2*m + 5*f - 29 = 0, -3*m + 19 = m - 3*f. Suppose 0 = -u + 5*t + 73, t = 3*u - 184 + m. What is the units digit of u?
8
Suppose 4*c - 3*m + 10287 = 0, -2*m = -5*c + 3*m - 12865. What is the tens digit of (-11)/55 - c/15?
7
Let s(u) be the third derivative of u**6/120 + u**5/15 - 3*u**4/8 - u**3 - 13*u**2. Let b be s(-5). What is the tens digit of ((-72)/b)/((-4)/14)?
1
Suppose -177*u + 152*u = -114900. What is the tens digit of u?
9
Suppose 13*t - 9*t = -15*t + 580374. What is the hundreds digit of t?
5
What is the thousands digit of (4 - 8)/((-84)/332451)?
5
Suppose -4*j + 46 = 10. Let h be 4/6 - (-93)/j. Suppose h*i - 6*i - 420 = 0. What is the tens digit of i?
8
Suppose 8*s - 12 = 2*s. Suppose -s*l - 8 = -24. What is the tens digit of 88/l*(0 + 1)?
1
Let s(k) = 28*k - 7 - 1 + 139*k. Let m be s(1). Suppose v = -v + t + m, 6 = -2*t. What is the units digit of v?
8
Let b be 14/(-14) + (-6 - (-4 + 2)). Let h(c) = 25*c**2 + 4*c - 2. Let i be h(b). Suppose i = 6*o + 3*o. What is the units digit of o?
7
Let u(z) = -z**3 + 19*z**2 + 33*z - 111. Let s be u(21). Let q be -1*(-1)/((-1)/(-431)). Let m = q + s. What is the hundreds digit of m?
1
Suppose 355 = -8*t + 11123. Let i be t + -7 + 2/2. Suppose -4*z - i = -14*z. What is the units digit of z?
4
Let p = 11664 + -7295. What is the hundreds digit of p?
3
Let h = 102 - 261. Let k = h + 173. What is the units digi